[INFO] cloning repository https://github.com/chamakits/tagaton
[INFO] running `Command { std: "git" "-c" "credential.helper=" "-c" "credential.helper=/workspace/cargo-home/bin/git-credential-null" "clone" "--bare" "https://github.com/chamakits/tagaton" "/workspace/cache/git-repos/https%3A%2F%2Fgithub.com%2Fchamakits%2Ftagaton", kill_on_drop: false }`
[INFO] [stderr] Cloning into bare repository '/workspace/cache/git-repos/https%3A%2F%2Fgithub.com%2Fchamakits%2Ftagaton'...
[INFO] running `Command { std: "git" "rev-parse" "HEAD", kill_on_drop: false }`
[INFO] [stdout] 03fe2306e3441c789cba2bc52f69748c871b555c
[INFO] checking chamakits/tagaton against master#af3c6e733a40e671550e0f0f5aeecaa13772ba56 for pr-74989
[INFO] running `Command { std: "git" "clone" "/workspace/cache/git-repos/https%3A%2F%2Fgithub.com%2Fchamakits%2Ftagaton" "/workspace/builds/worker-14/source", kill_on_drop: false }`
[INFO] [stderr] Cloning into '/workspace/builds/worker-14/source'...
[INFO] [stderr] done.
[INFO] validating manifest of git repo https://github.com/chamakits/tagaton on toolchain af3c6e733a40e671550e0f0f5aeecaa13772ba56
[INFO] running `Command { std: "/workspace/cargo-home/bin/cargo" "+af3c6e733a40e671550e0f0f5aeecaa13772ba56" "read-manifest" "--manifest-path" "Cargo.toml", kill_on_drop: false }`
[INFO] started tweaking git repo https://github.com/chamakits/tagaton
[INFO] removed path dependency r2d2_sqlite from git repo https://github.com/chamakits/tagaton
[INFO] removed path dependency rusqlite from git repo https://github.com/chamakits/tagaton
[INFO] finished tweaking git repo https://github.com/chamakits/tagaton
[INFO] tweaked toml for git repo https://github.com/chamakits/tagaton written to /workspace/builds/worker-14/source/Cargo.toml
[INFO] crate git repo https://github.com/chamakits/tagaton already has a lockfile, it will not be regenerated
[INFO] running `Command { std: "/workspace/cargo-home/bin/cargo" "+af3c6e733a40e671550e0f0f5aeecaa13772ba56" "fetch" "--locked" "--manifest-path" "Cargo.toml", kill_on_drop: false }`
[INFO] [stderr] warning: dependency (r2d2_sqlite) specified without providing a local path, Git repository, or version to use. This will be considered an error in future versions
[INFO] [stderr] warning: dependency (rusqlite) specified without providing a local path, Git repository, or version to use. This will be considered an error in future versions
[INFO] [stderr]     Blocking waiting for file lock on package cache
[INFO] [stderr]     Updating crates.io index
[INFO] [stderr] error: the lock file /workspace/builds/worker-14/source/Cargo.lock needs to be updated but --locked was passed to prevent this
[INFO] [stderr] If you want to try to generate the lock file without accessing the network, use the --offline flag.
[INFO] the lockfile is outdated, regenerating it
[INFO] running `Command { std: "/workspace/cargo-home/bin/cargo" "+af3c6e733a40e671550e0f0f5aeecaa13772ba56" "generate-lockfile" "--manifest-path" "Cargo.toml" "-Zno-index-update", kill_on_drop: false }`
[INFO] [stderr]     Blocking waiting for file lock on package cache
[INFO] running `Command { std: "/workspace/cargo-home/bin/cargo" "+af3c6e733a40e671550e0f0f5aeecaa13772ba56" "fetch" "--locked" "--manifest-path" "Cargo.toml", kill_on_drop: false }`
[INFO] [stderr] warning: dependency (r2d2_sqlite) specified without providing a local path, Git repository, or version to use. This will be considered an error in future versions
[INFO] [stderr] warning: dependency (rusqlite) specified without providing a local path, Git repository, or version to use. This will be considered an error in future versions
[INFO] [stderr]     Blocking waiting for file lock on package cache
[INFO] [stderr]     Blocking waiting for file lock on package cache
[INFO] [stderr]  Downloading crates ...
[INFO] [stderr]   Downloaded multipart v0.8.1
[INFO] [stderr]   Downloaded buf_redux v0.3.0
[INFO] [stderr]   Downloaded scheduled-thread-pool v0.1.0
[INFO] [stderr]   Downloaded serde_json v0.8.6
[INFO] [stderr]   Downloaded mime_guess v1.8.8
[INFO] [stderr]   Downloaded flexi_logger v0.5.2
[INFO] [stderr]   Downloaded scheduled-thread-pool v0.2.5
[INFO] [stderr]   Downloaded iron v0.4.0
[INFO] [stderr]   Downloaded bodyparser v0.4.1
[INFO] [stderr]   Downloaded urlencoded v0.4.1
[INFO] [stderr]   Downloaded persistent v0.2.1
[INFO] [stderr]   Downloaded r2d2 v0.7.4
[INFO] [stderr]   Downloaded router v0.4.0
[INFO] [stderr]   Downloaded r2d2_sqlite v0.17.0
[INFO] [stderr]   Downloaded r2d2 v0.8.9
[INFO] [stderr]   Downloaded params v0.5.1
[INFO] running `Command { std: "docker" "create" "-v" "/var/lib/crater-agent-workspace/builds/worker-14/target:/opt/rustwide/target:rw,Z" "-v" "/var/lib/crater-agent-workspace/builds/worker-14/source:/opt/rustwide/workdir:ro,Z" "-v" "/var/lib/crater-agent-workspace/cargo-home:/opt/rustwide/cargo-home:ro,Z" "-v" "/var/lib/crater-agent-workspace/rustup-home:/opt/rustwide/rustup-home:ro,Z" "-e" "SOURCE_DIR=/opt/rustwide/workdir" "-e" "CARGO_TARGET_DIR=/opt/rustwide/target" "-e" "CARGO_HOME=/opt/rustwide/cargo-home" "-e" "RUSTUP_HOME=/opt/rustwide/rustup-home" "-w" "/opt/rustwide/workdir" "-m" "1610612736" "--user" "0:0" "--network" "none" "rustops/crates-build-env@sha256:d92eaeed33fa75130ca1ee6c8a01d1ffb62bac859dfdfb3450e3e5d1c0146529" "/opt/rustwide/cargo-home/bin/cargo" "+af3c6e733a40e671550e0f0f5aeecaa13772ba56" "metadata" "--no-deps" "--format-version=1", kill_on_drop: false }`
[INFO] [stderr] WARNING: Your kernel does not support swap limit capabilities or the cgroup is not mounted. Memory limited without swap.
[INFO] [stdout] 56266810ebdd3879ac58b62c6e25e7a04d59b240d81f8c3be3e9d50baea4df7d
[INFO] running `Command { std: "docker" "start" "-a" "56266810ebdd3879ac58b62c6e25e7a04d59b240d81f8c3be3e9d50baea4df7d", kill_on_drop: false }`
[INFO] running `Command { std: "docker" "inspect" "56266810ebdd3879ac58b62c6e25e7a04d59b240d81f8c3be3e9d50baea4df7d", kill_on_drop: false }`
[INFO] running `Command { std: "docker" "rm" "-f" "56266810ebdd3879ac58b62c6e25e7a04d59b240d81f8c3be3e9d50baea4df7d", kill_on_drop: false }`
[INFO] [stdout] 56266810ebdd3879ac58b62c6e25e7a04d59b240d81f8c3be3e9d50baea4df7d
[INFO] running `Command { std: "docker" "create" "-v" "/var/lib/crater-agent-workspace/builds/worker-14/target:/opt/rustwide/target:rw,Z" "-v" "/var/lib/crater-agent-workspace/builds/worker-14/source:/opt/rustwide/workdir:ro,Z" "-v" "/var/lib/crater-agent-workspace/cargo-home:/opt/rustwide/cargo-home:ro,Z" "-v" "/var/lib/crater-agent-workspace/rustup-home:/opt/rustwide/rustup-home:ro,Z" "-e" "SOURCE_DIR=/opt/rustwide/workdir" "-e" "CARGO_TARGET_DIR=/opt/rustwide/target" "-e" "CARGO_INCREMENTAL=0" "-e" "RUST_BACKTRACE=full" "-e" "RUSTFLAGS=--cap-lints=forbid" "-e" "CARGO_HOME=/opt/rustwide/cargo-home" "-e" "RUSTUP_HOME=/opt/rustwide/rustup-home" "-w" "/opt/rustwide/workdir" "-m" "1610612736" "--user" "0:0" "--network" "none" "rustops/crates-build-env@sha256:d92eaeed33fa75130ca1ee6c8a01d1ffb62bac859dfdfb3450e3e5d1c0146529" "/opt/rustwide/cargo-home/bin/cargo" "+af3c6e733a40e671550e0f0f5aeecaa13772ba56" "check" "--frozen" "--all" "--all-targets" "--message-format=json", kill_on_drop: false }`
[INFO] [stdout] 2848d79a8175978a481c1d18bb3697ec7c4ac7ac69c7a0e9a7a1937a9a5b1a8d
[INFO] [stderr] WARNING: Your kernel does not support swap limit capabilities or the cgroup is not mounted. Memory limited without swap.
[INFO] running `Command { std: "docker" "start" "-a" "2848d79a8175978a481c1d18bb3697ec7c4ac7ac69c7a0e9a7a1937a9a5b1a8d", kill_on_drop: false }`
[INFO] [stderr] warning: dependency (r2d2_sqlite) specified without providing a local path, Git repository, or version to use. This will be considered an error in future versions
[INFO] [stderr] warning: dependency (rusqlite) specified without providing a local path, Git repository, or version to use. This will be considered an error in future versions
[INFO] [stderr]    Compiling libc v0.2.77
[INFO] [stderr]     Checking cfg-if v0.1.10
[INFO] [stderr]    Compiling log v0.4.11
[INFO] [stderr]    Compiling autocfg v0.1.7
[INFO] [stderr]     Checking rustc-serialize v0.3.24
[INFO] [stderr]     Checking matches v0.1.8
[INFO] [stderr]    Compiling siphasher v0.2.3
[INFO] [stderr]    Compiling httparse v1.3.4
[INFO] [stderr]    Compiling winapi-build v0.1.1
[INFO] [stderr]    Compiling pkg-config v0.3.18
[INFO] [stderr]     Checking scopeguard v1.1.0
[INFO] [stderr]     Checking winapi v0.2.8
[INFO] [stderr]    Compiling bitflags v1.2.1
[INFO] [stderr]     Checking dtoa v0.2.2
[INFO] [stderr]     Checking itoa v0.1.1
[INFO] [stderr]     Checking serde v0.8.23
[INFO] [stderr]     Checking remove_dir_all v0.5.3
[INFO] [stderr]     Checking utf8-ranges v0.1.3
[INFO] [stderr]     Checking buf_redux v0.3.0
[INFO] [stderr]     Checking regex-syntax v0.3.9
[INFO] [stderr]     Checking route-recognizer v0.1.13
[INFO] [stderr]     Checking crossbeam v0.2.12
[INFO] [stderr]    Compiling num-traits v0.2.12
[INFO] [stderr]    Compiling num-integer v0.1.43
[INFO] [stderr]    Compiling num-iter v0.1.41
[INFO] [stderr]     Checking unsafe-any v0.4.2
[INFO] [stderr]     Checking error v0.1.9
[INFO] [stderr]     Checking lock_api v0.4.1
[INFO] [stderr]     Checking unicode-bidi v0.3.4
[INFO] [stderr]     Checking scheduled-thread-pool v0.1.0
[INFO] [stderr]    Compiling kernel32-sys v0.2.2
[INFO] [stderr]     Checking typemap v0.3.3
[INFO] [stderr]     Checking phf_shared v0.7.24
[INFO] [stderr]     Checking plugin v0.2.6
[INFO] [stderr]    Compiling rand_pcg v0.1.2
[INFO] [stderr]    Compiling rand_chacha v0.1.1
[INFO] [stderr]    Compiling rand v0.6.5
[INFO] [stderr]     Checking idna v0.1.5
[INFO] [stderr]     Checking phf v0.7.24
[INFO] [stderr]     Checking log v0.3.9
[INFO] [stderr]    Compiling libsqlite3-sys v0.20.0
[INFO] [stderr]     Checking mime v0.2.6
[INFO] [stderr]     Checking hpack v0.2.0
[INFO] [stderr]     Checking r2d2 v0.7.4
[INFO] [stderr]    Compiling rand_os v0.1.3
[INFO] [stderr]     Checking url v1.7.2
[INFO] [stderr]     Checking time v0.1.44
[INFO] [stderr]     Checking rand v0.4.6
[INFO] [stderr]     Checking num_cpus v1.13.0
[INFO] [stderr]     Checking num_cpus v0.2.13
[INFO] [stderr]     Checking memchr v0.1.11
[INFO] [stderr]     Checking parking_lot_core v0.8.0
[INFO] [stderr]     Checking thread-id v2.0.0
[INFO] [stderr]     Checking solicit v0.4.4
[INFO] [stderr]     Checking thread_local v0.2.7
[INFO] [stderr]     Checking aho-corasick v0.5.3
[INFO] [stderr]     Checking parking_lot v0.11.0
[INFO] [stderr]     Checking num-traits v0.1.43
[INFO] [stderr]     Checking regex v0.1.80
[INFO] [stderr]     Checking cookie v0.2.5
[INFO] [stderr]     Checking scheduled-thread-pool v0.2.5
[INFO] [stderr]     Checking serde_json v0.8.6
[INFO] [stderr]     Checking r2d2 v0.8.9
[INFO] [stderr]     Checking conduit-mime-types v0.7.3
[INFO] [stderr]     Checking hyper v0.9.18
[INFO] [stderr]     Checking num-complex v0.1.43
[INFO] [stderr]     Checking toml v0.2.1
[INFO] [stderr]     Checking num-bigint v0.1.44
[INFO] [stderr]     Checking rand v0.3.23
[INFO] [stderr]     Checking tempdir v0.3.7
[INFO] [stderr]    Compiling phf_generator v0.7.24
[INFO] [stderr]    Compiling phf_codegen v0.7.24
[INFO] [stderr]    Compiling mime_guess v1.8.8
[INFO] [stderr]     Checking num-rational v0.1.42
[INFO] [stderr]     Checking num v0.1.42
[INFO] [stderr]     Checking chrono v0.2.25
[INFO] [stderr]     Checking iron v0.4.0
[INFO] [stderr]     Checking persistent v0.2.1
[INFO] [stderr]     Checking router v0.4.0
[INFO] [stderr]     Checking bodyparser v0.4.1
[INFO] [stderr]     Checking multipart v0.8.1
[INFO] [stderr]     Checking flexi_logger v0.5.2
[INFO] [stderr]     Checking urlencoded v0.4.1
[INFO] [stderr]     Checking params v0.5.1
[INFO] [stderr]     Checking rusqlite v0.24.0
[INFO] [stderr]     Checking r2d2_sqlite v0.17.0
[INFO] [stderr]     Checking tagaton v0.1.0 (/opt/rustwide/workdir)
[INFO] [stdout] warning: unused `#[macro_use]` import
[INFO] [stdout]  --> src/main.rs:1:1
[INFO] [stdout]   |
[INFO] [stdout] 1 | #[macro_use] extern crate hyper;
[INFO] [stdout]   | ^^^^^^^^^^^^
[INFO] [stdout]   |
[INFO] [stdout]   = note: `#[warn(unused_imports)]` on by default
[INFO] [stdout] 
[INFO] [stdout] 
[INFO] [stdout] warning: use of deprecated constant `std::sync::ONCE_INIT`: the `new` function is now preferred
[INFO] [stdout]   --> src/server/mod.rs:89:1
[INFO] [stdout]    |
[INFO] [stdout] 89 | / lazy_static! {
[INFO] [stdout] 90 | |     static ref DB_CONTROLLER: db::DbController = {
[INFO] [stdout] 91 | |         let dbc = db::DbController::new("_SQLITE_DB");
[INFO] [stdout] 92 | |         dbc
[INFO] [stdout] ...  |
[INFO] [stdout] 95 | |     static ref CONFIG: config::Config = config::Config::new();
[INFO] [stdout] 96 | | }
[INFO] [stdout]    | |_^
[INFO] [stdout]    |
[INFO] [stdout]    = note: `#[warn(deprecated)]` on by default
[INFO] [stdout]    = note: this warning originates in a macro (in Nightly builds, run with -Z macro-backtrace for more info)
[INFO] [stdout] 
[INFO] [stdout] 
[INFO] [stdout] warning: use of deprecated constant `std::sync::ONCE_INIT`: the `new` function is now preferred
[INFO] [stdout]   --> src/server/mod.rs:89:1
[INFO] [stdout]    |
[INFO] [stdout] 89 | / lazy_static! {
[INFO] [stdout] 90 | |     static ref DB_CONTROLLER: db::DbController = {
[INFO] [stdout] 91 | |         let dbc = db::DbController::new("_SQLITE_DB");
[INFO] [stdout] 92 | |         dbc
[INFO] [stdout] ...  |
[INFO] [stdout] 95 | |     static ref CONFIG: config::Config = config::Config::new();
[INFO] [stdout] 96 | | }
[INFO] [stdout]    | |_^
[INFO] [stdout]    |
[INFO] [stdout]    = note: this warning originates in a macro (in Nightly builds, run with -Z macro-backtrace for more info)
[INFO] [stdout] 
[INFO] [stdout] 
[INFO] [stdout] warning: use of deprecated constant `std::sync::ONCE_INIT`: the `new` function is now preferred
[INFO] [stdout]   --> src/server/mod.rs:89:1
[INFO] [stdout]    |
[INFO] [stdout] 89 | / lazy_static! {
[INFO] [stdout] 90 | |     static ref DB_CONTROLLER: db::DbController = {
[INFO] [stdout] 91 | |         let dbc = db::DbController::new("_SQLITE_DB");
[INFO] [stdout] 92 | |         dbc
[INFO] [stdout] ...  |
[INFO] [stdout] 95 | |     static ref CONFIG: config::Config = config::Config::new();
[INFO] [stdout] 96 | | }
[INFO] [stdout]    | |_^
[INFO] [stdout]    |
[INFO] [stdout]    = note: this warning originates in a macro (in Nightly builds, run with -Z macro-backtrace for more info)
[INFO] [stdout] 
[INFO] [stdout] 
[INFO] [stdout] warning: use of deprecated constant `std::sync::ONCE_INIT`: the `new` function is now preferred
[INFO] [stdout]   --> src/server/mod.rs:89:1
[INFO] [stdout]    |
[INFO] [stdout] 89 | / lazy_static! {
[INFO] [stdout] 90 | |     static ref DB_CONTROLLER: db::DbController = {
[INFO] [stdout] 91 | |         let dbc = db::DbController::new("_SQLITE_DB");
[INFO] [stdout] 92 | |         dbc
[INFO] [stdout] ...  |
[INFO] [stdout] 95 | |     static ref CONFIG: config::Config = config::Config::new();
[INFO] [stdout] 96 | | }
[INFO] [stdout]    | |_^
[INFO] [stdout]    |
[INFO] [stdout]    = note: this warning originates in a macro (in Nightly builds, run with -Z macro-backtrace for more info)
[INFO] [stdout] 
[INFO] [stdout] 
[INFO] [stdout] warning: unused `#[macro_use]` import
[INFO] [stdout]  --> src/main.rs:1:1
[INFO] [stdout]   |
[INFO] [stdout] 1 | #[macro_use] extern crate hyper;
[INFO] [stdout]   | ^^^^^^^^^^^^
[INFO] [stdout]   |
[INFO] [stdout]   = note: `#[warn(unused_imports)]` on by default
[INFO] [stdout] 
[INFO] [stdout] 
[INFO] [stdout] warning: use of deprecated constant `std::sync::ONCE_INIT`: the `new` function is now preferred
[INFO] [stdout]   --> src/server/mod.rs:89:1
[INFO] [stdout]    |
[INFO] [stdout] 89 | / lazy_static! {
[INFO] [stdout] 90 | |     static ref DB_CONTROLLER: db::DbController = {
[INFO] [stdout] 91 | |         let dbc = db::DbController::new("_SQLITE_DB");
[INFO] [stdout] 92 | |         dbc
[INFO] [stdout] ...  |
[INFO] [stdout] 95 | |     static ref CONFIG: config::Config = config::Config::new();
[INFO] [stdout] 96 | | }
[INFO] [stdout]    | |_^
[INFO] [stdout]    |
[INFO] [stdout]    = note: `#[warn(deprecated)]` on by default
[INFO] [stdout]    = note: this warning originates in a macro (in Nightly builds, run with -Z macro-backtrace for more info)
[INFO] [stdout] 
[INFO] [stdout] 
[INFO] [stdout] warning: use of deprecated constant `std::sync::ONCE_INIT`: the `new` function is now preferred
[INFO] [stdout]   --> src/server/mod.rs:89:1
[INFO] [stdout]    |
[INFO] [stdout] 89 | / lazy_static! {
[INFO] [stdout] 90 | |     static ref DB_CONTROLLER: db::DbController = {
[INFO] [stdout] 91 | |         let dbc = db::DbController::new("_SQLITE_DB");
[INFO] [stdout] 92 | |         dbc
[INFO] [stdout] ...  |
[INFO] [stdout] 95 | |     static ref CONFIG: config::Config = config::Config::new();
[INFO] [stdout] 96 | | }
[INFO] [stdout]    | |_^
[INFO] [stdout]    |
[INFO] [stdout]    = note: this warning originates in a macro (in Nightly builds, run with -Z macro-backtrace for more info)
[INFO] [stdout] 
[INFO] [stdout] 
[INFO] [stdout] warning: use of deprecated constant `std::sync::ONCE_INIT`: the `new` function is now preferred
[INFO] [stdout]   --> src/server/mod.rs:89:1
[INFO] [stdout]    |
[INFO] [stdout] 89 | / lazy_static! {
[INFO] [stdout] 90 | |     static ref DB_CONTROLLER: db::DbController = {
[INFO] [stdout] 91 | |         let dbc = db::DbController::new("_SQLITE_DB");
[INFO] [stdout] 92 | |         dbc
[INFO] [stdout] ...  |
[INFO] [stdout] 95 | |     static ref CONFIG: config::Config = config::Config::new();
[INFO] [stdout] 96 | | }
[INFO] [stdout]    | |_^
[INFO] [stdout]    |
[INFO] [stdout]    = note: this warning originates in a macro (in Nightly builds, run with -Z macro-backtrace for more info)
[INFO] [stdout] 
[INFO] [stdout] 
[INFO] [stdout] warning: use of deprecated constant `std::sync::ONCE_INIT`: the `new` function is now preferred
[INFO] [stdout]   --> src/server/mod.rs:89:1
[INFO] [stdout]    |
[INFO] [stdout] 89 | / lazy_static! {
[INFO] [stdout] 90 | |     static ref DB_CONTROLLER: db::DbController = {
[INFO] [stdout] 91 | |         let dbc = db::DbController::new("_SQLITE_DB");
[INFO] [stdout] 92 | |         dbc
[INFO] [stdout] ...  |
[INFO] [stdout] 95 | |     static ref CONFIG: config::Config = config::Config::new();
[INFO] [stdout] 96 | | }
[INFO] [stdout]    | |_^
[INFO] [stdout]    |
[INFO] [stdout]    = note: this warning originates in a macro (in Nightly builds, run with -Z macro-backtrace for more info)
[INFO] [stdout] 
[INFO] [stdout] 
[INFO] [stdout] error[E0308]: mismatched types
[INFO] [stdout]    --> src/server/mod.rs:193:32
[INFO] [stdout]     |
[INFO] [stdout] 193 |         let tag_type: String = row.get(1);
[INFO] [stdout]     |                       ------   ^^^^^^^^^^ expected struct `std::string::String`, found enum `std::result::Result`
[INFO] [stdout]     |                       |
[INFO] [stdout]     |                       expected due to this
[INFO] [stdout]     |
[INFO] [stdout]     = note: expected struct `std::string::String`
[INFO] [stdout]                  found enum `std::result::Result<_, rusqlite::Error>`
[INFO] [stdout] 
[INFO] [stdout] 
[INFO] [stdout] error[E0308]: mismatched types
[INFO] [stdout]    --> src/server/mod.rs:197:18
[INFO] [stdout]     |
[INFO] [stdout] 197 |             tag: row.get(2),
[INFO] [stdout]     |                  ^^^^^^^^^^ expected struct `std::string::String`, found enum `std::result::Result`
[INFO] [stdout]     |
[INFO] [stdout]     = note: expected struct `std::string::String`
[INFO] [stdout]                  found enum `std::result::Result<_, rusqlite::Error>`
[INFO] [stdout] 
[INFO] [stdout] 
[INFO] [stdout] error[E0308]: mismatched types
[INFO] [stdout]    --> src/server/mod.rs:198:18
[INFO] [stdout]     |
[INFO] [stdout] 198 |             url: row.get(3),
[INFO] [stdout]     |                  ^^^^^^^^^^ expected struct `std::string::String`, found enum `std::result::Result`
[INFO] [stdout]     |
[INFO] [stdout]     = note: expected struct `std::string::String`
[INFO] [stdout]                  found enum `std::result::Result<_, rusqlite::Error>`
[INFO] [stdout] 
[INFO] [stdout] 
[INFO] [stdout] error[E0308]: mismatched types
[INFO] [stdout]    --> src/server/mod.rs:193:32
[INFO] [stdout]     |
[INFO] [stdout] 193 |         let tag_type: String = row.get(1);
[INFO] [stdout]     |                       ------   ^^^^^^^^^^ expected struct `std::string::String`, found enum `std::result::Result`
[INFO] [stdout]     |                       |
[INFO] [stdout]     |                       expected due to this
[INFO] [stdout]     |
[INFO] [stdout]     = note: expected struct `std::string::String`
[INFO] [stdout]                  found enum `std::result::Result<_, rusqlite::Error>`
[INFO] [stdout] 
[INFO] [stdout] 
[INFO] [stdout] error[E0308]: mismatched types
[INFO] [stdout]    --> src/server/mod.rs:199:22
[INFO] [stdout]     |
[INFO] [stdout] 199 |             referer: row.get(4),
[INFO] [stdout]     |                      ^^^^^^^^^^ expected struct `std::string::String`, found enum `std::result::Result`
[INFO] [stdout]     |
[INFO] [stdout]     = note: expected struct `std::string::String`
[INFO] [stdout]                  found enum `std::result::Result<_, rusqlite::Error>`
[INFO] [stdout] 
[INFO] [stdout] 
[INFO] [stdout] error[E0308]: mismatched types
[INFO] [stdout]    --> src/server/mod.rs:197:18
[INFO] [stdout]     |
[INFO] [stdout] 197 |             tag: row.get(2),
[INFO] [stdout]     |                  ^^^^^^^^^^ expected struct `std::string::String`, found enum `std::result::Result`
[INFO] [stdout]     |
[INFO] [stdout]     = note: expected struct `std::string::String`
[INFO] [stdout]                  found enum `std::result::Result<_, rusqlite::Error>`
[INFO] [stdout] 
[INFO] [stdout] 
[INFO] [stdout] error[E0308]: mismatched types
[INFO] [stdout]    --> src/server/mod.rs:200:22
[INFO] [stdout]     |
[INFO] [stdout] 200 |             headers: row.get(5),
[INFO] [stdout]     |                      ^^^^^^^^^^ expected struct `std::string::String`, found enum `std::result::Result`
[INFO] [stdout]     |
[INFO] [stdout]     = note: expected struct `std::string::String`
[INFO] [stdout]                  found enum `std::result::Result<_, rusqlite::Error>`
[INFO] [stdout] 
[INFO] [stdout] 
[INFO] [stdout] error[E0308]: mismatched types
[INFO] [stdout]    --> src/server/mod.rs:198:18
[INFO] [stdout]     |
[INFO] [stdout] 198 |             url: row.get(3),
[INFO] [stdout]     |                  ^^^^^^^^^^ expected struct `std::string::String`, found enum `std::result::Result`
[INFO] [stdout]     |
[INFO] [stdout]     = note: expected struct `std::string::String`
[INFO] [stdout]                  found enum `std::result::Result<_, rusqlite::Error>`
[INFO] [stdout] 
[INFO] [stdout] 
[INFO] [stdout] error[E0308]: mismatched types
[INFO] [stdout]    --> src/server/mod.rs:201:25
[INFO] [stdout]     |
[INFO] [stdout] 201 |             created_at: row.get(6),
[INFO] [stdout]     |                         ^^^^^^^^^^ expected struct `std::string::String`, found enum `std::result::Result`
[INFO] [stdout]     |
[INFO] [stdout]     = note: expected struct `std::string::String`
[INFO] [stdout]                  found enum `std::result::Result<_, rusqlite::Error>`
[INFO] [stdout] 
[INFO] [stdout] 
[INFO] [stdout] error[E0308]: mismatched types
[INFO] [stdout]    --> src/server/mod.rs:199:22
[INFO] [stdout]     |
[INFO] [stdout] 199 |             referer: row.get(4),
[INFO] [stdout]     |                      ^^^^^^^^^^ expected struct `std::string::String`, found enum `std::result::Result`
[INFO] [stdout]     |
[INFO] [stdout]     = note: expected struct `std::string::String`
[INFO] [stdout]                  found enum `std::result::Result<_, rusqlite::Error>`
[INFO] [stdout] 
[INFO] [stdout] 
[INFO] [stdout] error[E0308]: mismatched types
[INFO] [stdout]    --> src/server/mod.rs:200:22
[INFO] [stdout]     |
[INFO] [stdout] 200 |             headers: row.get(5),
[INFO] [stdout]     |                      ^^^^^^^^^^ expected struct `std::string::String`, found enum `std::result::Result`
[INFO] [stdout]     |
[INFO] [stdout]     = note: expected struct `std::string::String`
[INFO] [stdout]                  found enum `std::result::Result<_, rusqlite::Error>`
[INFO] [stdout] 
[INFO] [stdout] 
[INFO] [stdout] error[E0308]: mismatched types
[INFO] [stdout]    --> src/server/mod.rs:202:26
[INFO] [stdout]     |
[INFO] [stdout] 202 |             remote_addr: row.get(7),
[INFO] [stdout]     |                          ^^^^^^^^^^ expected struct `std::string::String`, found enum `std::result::Result`
[INFO] [stdout]     |
[INFO] [stdout]     = note: expected struct `std::string::String`
[INFO] [stdout]                  found enum `std::result::Result<_, rusqlite::Error>`
[INFO] [stdout] 
[INFO] [stdout] 
[INFO] [stdout] error[E0599]: no method named `connect` found for reference `&SqliteConnectionManager` in the current scope
[INFO] [stdout]   --> src/db/mod.rs:36:36
[INFO] [stdout]    |
[INFO] [stdout] 36 |         let conn = (&conn_manager).connect().unwrap();
[INFO] [stdout]    |                                    ^^^^^^^ method not found in `&SqliteConnectionManager`
[INFO] [stdout]    |
[INFO] [stdout]    = help: items from traits can only be used if the trait is in scope
[INFO] [stdout]    = note: the following trait is implemented but not in scope; perhaps add a `use` for it:
[INFO] [stdout]            `use r2d2::ManageConnection;`
[INFO] [stdout] 
[INFO] [stdout] 
[INFO] [stdout] error[E0599]: no function or associated item named `new` found for struct `SqliteConnectionManager` in the current scope
[INFO] [stdout]   --> src/db/mod.rs:83:38
[INFO] [stdout]    |
[INFO] [stdout] 83 |             SqliteConnectionManager::new(file_path_str)
[INFO] [stdout]    |                                      ^^^ function or associated item not found in `SqliteConnectionManager`
[INFO] [stdout] 
[INFO] [stdout] 
[INFO] [stdout] error[E0599]: no method named `connect` found for struct `SqliteConnectionManager` in the current scope
[INFO] [stdout]   --> src/db/mod.rs:89:38
[INFO] [stdout]    |
[INFO] [stdout] 89 |         let conn = self.conn_manager.connect();
[INFO] [stdout]    |                                      ^^^^^^^ method not found in `SqliteConnectionManager`
[INFO] [stdout]    |
[INFO] [stdout]    = help: items from traits can only be used if the trait is in scope
[INFO] [stdout]    = note: the following trait is implemented but not in scope; perhaps add a `use` for it:
[INFO] [stdout]            `use r2d2::ManageConnection;`
[INFO] [stdout] 
[INFO] [stdout] 
[INFO] [stdout] error[E0308]: mismatched types
[INFO] [stdout]    --> src/server/mod.rs:201:25
[INFO] [stdout]     |
[INFO] [stdout] 201 |             created_at: row.get(6),
[INFO] [stdout]     |                         ^^^^^^^^^^ expected struct `std::string::String`, found enum `std::result::Result`
[INFO] [stdout]     |
[INFO] [stdout]     = note: expected struct `std::string::String`
[INFO] [stdout]                  found enum `std::result::Result<_, rusqlite::Error>`
[INFO] [stdout] 
[INFO] [stdout] 
[INFO] [stdout] error[E0308]: mismatched types
[INFO] [stdout]    --> src/server/mod.rs:202:26
[INFO] [stdout]     |
[INFO] [stdout] 202 |             remote_addr: row.get(7),
[INFO] [stdout]     |                          ^^^^^^^^^^ expected struct `std::string::String`, found enum `std::result::Result`
[INFO] [stdout]     |
[INFO] [stdout]     = note: expected struct `std::string::String`
[INFO] [stdout]                  found enum `std::result::Result<_, rusqlite::Error>`
[INFO] [stdout] 
[INFO] [stdout] 
[INFO] [stdout] error[E0308]: mismatched types
[INFO] [stdout]    --> src/db/mod.rs:133:24
[INFO] [stdout]     |
[INFO] [stdout] 133 |                 count: row.get(0),
[INFO] [stdout]     |                        ^^^^^^^^^^ expected `i64`, found enum `std::result::Result`
[INFO] [stdout]     |
[INFO] [stdout]     = note: expected type `i64`
[INFO] [stdout]                found enum `std::result::Result<_, rusqlite::Error>`
[INFO] [stdout] 
[INFO] [stdout] 
[INFO] [stdout] error[E0599]: no method named `connect` found for reference `&SqliteConnectionManager` in the current scope
[INFO] [stdout]   --> src/db/mod.rs:36:36
[INFO] [stdout]    |
[INFO] [stdout] 36 |         let conn = (&conn_manager).connect().unwrap();
[INFO] [stdout]    |                                    ^^^^^^^ method not found in `&SqliteConnectionManager`
[INFO] [stdout]    |
[INFO] [stdout]    = help: items from traits can only be used if the trait is in scope
[INFO] [stdout]    = note: the following trait is implemented but not in scope; perhaps add a `use` for it:
[INFO] [stdout]            `use r2d2::ManageConnection;`
[INFO] [stdout] 
[INFO] [stdout] 
[INFO] [stdout] error[E0599]: no function or associated item named `new` found for struct `SqliteConnectionManager` in the current scope
[INFO] [stdout]   --> src/db/mod.rs:83:38
[INFO] [stdout]    |
[INFO] [stdout] 83 |             SqliteConnectionManager::new(file_path_str)
[INFO] [stdout]    |                                      ^^^ function or associated item not found in `SqliteConnectionManager`
[INFO] [stdout] 
[INFO] [stdout] 
[INFO] [stdout] error[E0599]: no method named `connect` found for struct `SqliteConnectionManager` in the current scope
[INFO] [stdout]   --> src/db/mod.rs:89:38
[INFO] [stdout]    |
[INFO] [stdout] 89 |         let conn = self.conn_manager.connect();
[INFO] [stdout]    |                                      ^^^^^^^ method not found in `SqliteConnectionManager`
[INFO] [stdout]    |
[INFO] [stdout]    = help: items from traits can only be used if the trait is in scope
[INFO] [stdout]    = note: the following trait is implemented but not in scope; perhaps add a `use` for it:
[INFO] [stdout]            `use r2d2::ManageConnection;`
[INFO] [stdout] 
[INFO] [stdout] 
[INFO] [stdout] error[E0308]: mismatched types
[INFO] [stdout]    --> src/db/mod.rs:134:27
[INFO] [stdout]     |
[INFO] [stdout] 134 |                 tag_type: row.get(1),
[INFO] [stdout]     |                           ^^^^^^^^^^ expected struct `std::string::String`, found enum `std::result::Result`
[INFO] [stdout]     |
[INFO] [stdout]     = note: expected struct `std::string::String`
[INFO] [stdout]                  found enum `std::result::Result<_, rusqlite::Error>`
[INFO] [stdout] 
[INFO] [stdout] 
[INFO] [stdout] error[E0308]: mismatched types
[INFO] [stdout]    --> src/db/mod.rs:133:24
[INFO] [stdout]     |
[INFO] [stdout] 133 |                 count: row.get(0),
[INFO] [stdout]     |                        ^^^^^^^^^^ expected `i64`, found enum `std::result::Result`
[INFO] [stdout]     |
[INFO] [stdout]     = note: expected type `i64`
[INFO] [stdout]                found enum `std::result::Result<_, rusqlite::Error>`
[INFO] [stdout] 
[INFO] [stdout] 
[INFO] [stdout] error[E0308]: mismatched types
[INFO] [stdout]    --> src/db/mod.rs:135:29
[INFO] [stdout]     |
[INFO] [stdout] 135 |                 unique_tag: row.get(2),
[INFO] [stdout]     |                             ^^^^^^^^^^ expected struct `std::string::String`, found enum `std::result::Result`
[INFO] [stdout]     |
[INFO] [stdout]     = note: expected struct `std::string::String`
[INFO] [stdout]                  found enum `std::result::Result<_, rusqlite::Error>`
[INFO] [stdout] 
[INFO] [stdout] 
[INFO] [stdout] error[E0308]: mismatched types
[INFO] [stdout]    --> src/db/mod.rs:134:27
[INFO] [stdout]     |
[INFO] [stdout] 134 |                 tag_type: row.get(1),
[INFO] [stdout]     |                           ^^^^^^^^^^ expected struct `std::string::String`, found enum `std::result::Result`
[INFO] [stdout]     |
[INFO] [stdout]     = note: expected struct `std::string::String`
[INFO] [stdout]                  found enum `std::result::Result<_, rusqlite::Error>`
[INFO] [stdout] 
[INFO] [stdout] 
[INFO] [stdout] error[E0308]: mismatched types
[INFO] [stdout]    --> src/db/mod.rs:136:26
[INFO] [stdout]     |
[INFO] [stdout] 136 |                 referer: row.get(3),
[INFO] [stdout]     |                          ^^^^^^^^^^ expected struct `std::string::String`, found enum `std::result::Result`
[INFO] [stdout]     |
[INFO] [stdout]     = note: expected struct `std::string::String`
[INFO] [stdout]                  found enum `std::result::Result<_, rusqlite::Error>`
[INFO] [stdout] 
[INFO] [stdout] 
[INFO] [stdout] error[E0308]: mismatched types
[INFO] [stdout]    --> src/db/mod.rs:135:29
[INFO] [stdout]     |
[INFO] [stdout] 135 |                 unique_tag: row.get(2),
[INFO] [stdout]     |                             ^^^^^^^^^^ expected struct `std::string::String`, found enum `std::result::Result`
[INFO] [stdout]     |
[INFO] [stdout]     = note: expected struct `std::string::String`
[INFO] [stdout]                  found enum `std::result::Result<_, rusqlite::Error>`
[INFO] [stdout] 
[INFO] [stdout] 
[INFO] [stdout] error[E0308]: mismatched types
[INFO] [stdout]    --> src/db/mod.rs:137:30
[INFO] [stdout]     |
[INFO] [stdout] 137 |                 remote_addr: row.get(4)
[INFO] [stdout]     |                              ^^^^^^^^^^ expected struct `std::string::String`, found enum `std::result::Result`
[INFO] [stdout]     |
[INFO] [stdout]     = note: expected struct `std::string::String`
[INFO] [stdout]                  found enum `std::result::Result<_, rusqlite::Error>`
[INFO] [stdout] 
[INFO] [stdout] 
[INFO] [stdout] error[E0599]: no method named `connect` found for struct `SqliteConnectionManager` in the current scope
[INFO] [stdout]    --> src/db/mod.rs:171:38
[INFO] [stdout]     |
[INFO] [stdout] 171 |         let conn = self.conn_manager.connect().unwrap();
[INFO] [stdout]     |                                      ^^^^^^^ method not found in `SqliteConnectionManager`
[INFO] [stdout]     |
[INFO] [stdout]     = help: items from traits can only be used if the trait is in scope
[INFO] [stdout]     = note: the following trait is implemented but not in scope; perhaps add a `use` for it:
[INFO] [stdout]             `use r2d2::ManageConnection;`
[INFO] [stdout] 
[INFO] [stdout] 
[INFO] [stdout] warning: unused import: `r2d2::ManageConnection`
[INFO] [stdout]   --> src/db/mod.rs:10:5
[INFO] [stdout]    |
[INFO] [stdout] 10 | use r2d2::ManageConnection;
[INFO] [stdout]    |     ^^^^^^^^^^^^^^^^^^^^^^
[INFO] [stdout] 
[INFO] [stdout] 
[INFO] [stdout] error: aborting due to 16 previous errors; 6 warnings emitted
[INFO] [stdout] 
[INFO] [stdout] 
[INFO] [stdout] Some errors have detailed explanations: E0308, E0599.
[INFO] [stdout] 
[INFO] [stdout] For more information about an error, try `rustc --explain E0308`.
[INFO] [stdout] 
[INFO] [stdout] error[E0308]: mismatched types
[INFO] [stdout]    --> src/db/mod.rs:136:26
[INFO] [stdout]     |
[INFO] [stdout] 136 |                 referer: row.get(3),
[INFO] [stdout]     |                          ^^^^^^^^^^ expected struct `std::string::String`, found enum `std::result::Result`
[INFO] [stdout]     |
[INFO] [stdout]     = note: expected struct `std::string::String`
[INFO] [stdout]                  found enum `std::result::Result<_, rusqlite::Error>`
[INFO] [stdout] 
[INFO] [stdout] 
[INFO] [stderr] error: could not compile `tagaton`.
[INFO] [stderr] 
[INFO] [stderr] To learn more, run the command again with --verbose.
[INFO] [stderr] warning: build failed, waiting for other jobs to finish...
[INFO] [stdout] error[E0308]: mismatched types
[INFO] [stdout]    --> src/db/mod.rs:137:30
[INFO] [stdout]     |
[INFO] [stdout] 137 |                 remote_addr: row.get(4)
[INFO] [stdout]     |                              ^^^^^^^^^^ expected struct `std::string::String`, found enum `std::result::Result`
[INFO] [stdout]     |
[INFO] [stdout]     = note: expected struct `std::string::String`
[INFO] [stdout]                  found enum `std::result::Result<_, rusqlite::Error>`
[INFO] [stdout] 
[INFO] [stdout] 
[INFO] [stdout] error[E0599]: no method named `connect` found for struct `SqliteConnectionManager` in the current scope
[INFO] [stdout]    --> src/db/mod.rs:171:38
[INFO] [stdout]     |
[INFO] [stdout] 171 |         let conn = self.conn_manager.connect().unwrap();
[INFO] [stdout]     |                                      ^^^^^^^ method not found in `SqliteConnectionManager`
[INFO] [stdout]     |
[INFO] [stdout]     = help: items from traits can only be used if the trait is in scope
[INFO] [stdout]     = note: the following trait is implemented but not in scope; perhaps add a `use` for it:
[INFO] [stdout]             `use r2d2::ManageConnection;`
[INFO] [stdout] 
[INFO] [stdout] 
[INFO] [stdout] warning: unused import: `r2d2::ManageConnection`
[INFO] [stdout]   --> src/db/mod.rs:10:5
[INFO] [stdout]    |
[INFO] [stdout] 10 | use r2d2::ManageConnection;
[INFO] [stdout]    |     ^^^^^^^^^^^^^^^^^^^^^^
[INFO] [stdout] 
[INFO] [stdout] 
[INFO] [stdout] error: aborting due to 16 previous errors; 6 warnings emitted
[INFO] [stdout] 
[INFO] [stdout] 
[INFO] [stdout] Some errors have detailed explanations: E0308, E0599.
[INFO] [stdout] 
[INFO] [stdout] For more information about an error, try `rustc --explain E0308`.
[INFO] [stdout] 
[INFO] [stderr] error: build failed
[INFO] running `Command { std: "docker" "inspect" "2848d79a8175978a481c1d18bb3697ec7c4ac7ac69c7a0e9a7a1937a9a5b1a8d", kill_on_drop: false }`
[INFO] running `Command { std: "docker" "rm" "-f" "2848d79a8175978a481c1d18bb3697ec7c4ac7ac69c7a0e9a7a1937a9a5b1a8d", kill_on_drop: false }`
[INFO] [stdout] 2848d79a8175978a481c1d18bb3697ec7c4ac7ac69c7a0e9a7a1937a9a5b1a8d
